**2 - 35*a - 10. Let i(s) = b*g(s) - 2*z(s). Give i(-7).
-2
Let q(j) be the third derivative of j**4/12 - 14*j**3/3 - 383*j**2. Determine q(14).
0
Let o(y) = 2 + 13*y + 82*y - 92*y. Let c be (6/4)/(2/(-4)). Give o(c).
-7
Suppose 3*t - 27 = 2*h, 0 = -5*t + 5*h + 19 + 31. Let o(d) = 5*d - 1. What is o(t)?
34
Let n(f) = 39 - 9*f**2 - 43 + f**3 + 14*f**2 - 2*f**3 + 18*f + 12*f**2. What is n(18)?
-4
Let c(k) = -6*k**3 - k. Let b(z) = z**3 + 22*z**2 - 49*z - 25. Let y be b(-24). Calculate c(y).
7
Let c(f) = -3*f + 9 + 4 + 2*f + 0*f - 17. Give c(0).
-4
Let t(x) = -x**3 + 17*x**2 + 12*x - 11. Let p(l) = 3*l**3 - 35*l**2 - 24*l + 22. Let d(k) = 2*p(k) + 5*t(k). Determine d(-14).
17
Let i(f) = -f**2 + 4*f + 4. Let q = 257 - 252. What is i(q)?
-1
Let b(p) be the third derivative of 0 + 0*p**4 + 0*p - 4*p**2 + 1/6*p**3 - 1/30*p**5 + 1/120*p**6. Let h = 4 + -5. Calculate b(h).
-2
Suppose 4*q + d - 97 = 0, d = 2*d - 1. Suppose -q = -3*v - v. Let z(i) = -i**3 + 7*i**2 - 8*i + 8. Give z(v).
-4
Let m(k) be the second derivative of k**3/6 + k**2 - k. Let z be m(4). Let a(v) = 12*v - 8. Let c(d) = -7*d + 4. Let g(n) = 3*a(n) + 5*c(n). Give g(z).
2
Let l = 195 - 196. Let r(k) = -5*k**3 + k. Calculate r(l).
4
Let n(z) = -z**3 + 4*z**2 - 2*z - 2. Let k = 105 - 102. Calculate n(k).
1
Let q(o) be the second derivative of o**4/12 - o**3/6 + o**2 - 652*o. Let c(w) = 0 - 6*w**2 - 9 + 2*w - 4*w - w**3. Let m be c(-6). Calculate q(m).
8
Let z(s) = -s**2 - 6*s + 4. Let t be z(-6). Let v(p) = -t*p + 0*p + 2*p - p - p**2. What is v(-3)?
0
Let r(j) be the third derivative of j**5/60 + j**4/4 + j**3/2 + 9*j**2 - 2. What is r(-2)?
-5
Let d(b) = -7*b**2 + 10*b - 1. Let a(j) = 6*j**2 - 9*j + 1. Let c(n) = 6*a(n) + 5*d(n). What is c(5)?
6
Let i be 3/(-15) + 279/45. Let z(l) be the third derivative of -l**5/120 - l**4/24 + l**3/6 - 2*l**2. Let d(x) be the first derivative of z(x). Determine d(i).
-7
Let o(f) = 5*f - 171. Let x be o(35). Let c(k) = -2*k + 3. Give c(x).
-5
Let w be 1 + -6 + -1 + 2. Let n be ((w/(-1))/(-2))/(-1). Let y(p) = -p**3 + 1 - 881*p + 445*p + 2*p**2 + 437*p. Determine y(n).
3
Let b(r) = 2*r + 8. Let y(t) = -4*t - 14. Let u(g) = -10*b(g) - 6*y(g). Let n = 0 - 3. Give u(n).
-8
Let m be 96/(-36)*3/2. Let p(f) = f**2 + 8*f + 11. Determine p(m).
-5
Let w(z) = 19*z - 12. Let i(k) = -2*k + 3. Let v(a) = -5*i(a) - w(a). What is v(-1)?
6
Let p be 2*6/(-4)*-1. Suppose 3*f = 4*a + 20, 7*f + 5*a - 6 = p*f. Let k(i) be the second derivative of -i**3/6 + i**2 - 2*i. What is k(f)?
-2
Let b(d) = d**3 - d**2 + 4. Let f = 41 + -40. Let m(j) = -5*j + 5. Let o be m(f). Calculate b(o).
4
Let k(q) = -q. Let w(y) = y**2 + 2*y - 6. Let s(x) = -4*k(x) - w(x). Let m(u) = u**2 - 3*u - 6. Let j(n) = -6*m(n) - 7*s(n). Calculate j(-5).
-1
Let f(l) = l + 4. Suppose 0 = 4*r + 429 - 457. Give f(r).
11
Let o be ((-24)/(-10))/((-32)/80) - -3. Let p(u) = -2*u**2 - 2*u - 4. Let s(v) = v**2 + v + 1. Let c(m) = -p(m) - 3*s(m). Calculate c(o).
-5
Let v(m) = m**2 - 4. Let i be v(-3). Suppose -i = 2*b + 5. Let l(n) = 2*n. Calculate l(b).
-10
Let o = -1673 - -1679. Let b(n) = 7*n**3 - 7*n**2 + 15*n. Let f(r) = -15*r**3 + 14*r**2 - 31*r - 1. Let k(z) = -13*b(z) - 6*f(z). Determine k(o).
-12
Let j be ((0 - 10) + 3)*1. Let y be (-540)/(-63) - (-4)/j. Suppose q - i - y + 1 = 0, -3*q + 4*i + 26 = 0. Let w(k) = -5*k. Calculate w(q).
-10
Let v(h) = -h + 7. Let p(x) = -x**2 + 11*x - 24. Let q be p(8). Let b be (-1 + 0)*(q/2 - 0). Determine v(b).
7
Let x(l) = -l**3 + 7*l**2 - 9*l + 24. Let d be x(6). Let c(b) = -3*b + 1. Calculate c(d).
-17
Let n(p) = 4*p**2 + 3*p + 24. Let j(q) = -3*q**2 - 2*q - 23. Let w(i) = 3*j(i) + 2*n(i). Suppose -5*m = 2*m - 3*m. Give w(m).
-21
Let b(u) = -u + 1. Let h(m) = -m**2 + 6*m - 6. Let n be h(6). Let p be (2/n)/(3/(-18)). Suppose 0 = -g + 5, -2*a = p*g + 11 - 25. Give b(a).
-1
Let r(q) = 2*q + 8. Suppose 4*o + 3*z + 5 = -44, -2*z - 6 = 0. Determine r(o).
-12
Let i(y) = -6 - 4*y**2 - y**2 + 131*y - 125*y - y**3. Suppose 2*m + 4*a = -2*m + 24, 3*m - 10 = -a. Suppose -m*h - 3 = -4*w + w, -4*w - 12 = 0. Give i(h).
-6
Let o(s) = -s**2 + 7*s + 12. Suppose -72 = -17*u + 9*u. What is o(u)?
-6
Let i(p) = 29*p**2 - p + 1. Let a(t) = -4*t**2 + 173*t - 42. Let f be a(43). Give i(f).
29
Let z(l) = -l**2 + l - 13. Suppose -x - b + 15 - 18 = 0, 0 = 4*b + 12. Give z(x).
-13
Suppose 13 = 3*d - 5. Let m(u) = -9 + 5 + d + u. Determine m(-4).
-2
Let u(p) = -p**3 - 4*p**2 - 3*p + 1. Let w be 12 + 1 - 4/2. Let c = -9 + w. Suppose -2*l + 2*v = 10, 5*l + c + 7 = -3*v. What is u(l)?
1
Let g(c) be the second derivative of -c**8/6720 - c**7/420 + c**6/360 - c**5/30 - 7*c**4/4 - 19*c. Let w(j) be the third derivative of g(j). What is w(-6)?
-16
Let q(m) = 229774*m + 6 + 0 - 5 - 229773*m + 0. Let l be 6 - 4/((-2)/1). Suppose r + l = -r. Determine q(r).
-3
Let k(z) be the second derivative of -z**5/20 + 2*z**4/3 - 2*z**3/3 - 2*z**2 + z. Let q = -1002 - -1009. Calculate k(q).
17
Let k(v) = -5*v**2 + 4*v - 14. Let w(q) = -22*q**2 + 16*q - 62. Let d(x) = 9*k(x) - 2*w(x). Calculate d(3).
1
Suppose -19 = -3*m + 23. Let q be 68/7 - m/(-49). Suppose 4*n + 10 = -q. Let c(p) = -p**3 - 6*p**2 - 3*p + 7. Determine c(n).
-3
Let i(u) = -u + 6. Let g(w) = 2*w - 11. Let o(s) = 5*s - 46. Let h be o(8). Let q(r) = h*g(r) - 11*i(r). Give q(-5).
5
Let b(u) = 4*u**2 - 13*u**2 - 2 - 3*u**2 + 6*u**2 - 10*u - u**3 - 2*u**2. What is b(-7)?
19
Suppose -x = 3*x. Suppose -2*z + 2 = -l, -2*l + x*z = 5*z - 14. Let s(a) = 2*a**3 - a - 2. Let y(q) = q**2 - q. Let u(j) = -s(j) + 4*y(j). Give u(l).
-4
Let m(u) = u**3 - 4*u**2 + 4*u - 1. Let b(l) = -l**2 - 7*l - 9. Let t be (-1 + (-11)/(-3))/(8/(-12)). Let p be b(t). Calculate m(p).
2
Let y(j) be the first derivative of -5*j**3/3 + j + 362. What is y(-1)?
-4
Let s(g) be the second derivative of 7/20*g**5 + 1/12*g**4 + 5*g - 1/2*g**2 - 1/6*g**3 + 1. Suppose 3*w + 0 = -3. What is s(w)?
-6
Let b(t) = -t - 11. Let w be 1*2/10 - 196/(-70). Suppose -x + w*x + 37 = -3*j, 4*x + 11 = j. Give b(j).
-2
Let t(n) = -2*n + 3. Let c be (11/5 + -3)/((-2)/55). Let o = c - 18. Determine t(o).
-5
Let p be 7/(-5) - 54/(-135). Let u(s) = -6*s**2 + 2*s - 4*s + 1 + 3*s. Determine u(p).
-6
Let w(r) = -10*r - 62. Let c(z) = 3*z + 21. Let j(f) = 7*c(f) + 2*w(f). Give j(-13).
10
Let i(w) = -7*w**2 - 1. Let h(o) = 10*o**2 + 0 + 2 + 9*o - 6*o**2 + 6*o**2 + o**3. Let x be h(-9). Suppose -6*a - 4 = -x*a. Give i(a).
-8
Let r(k) = -k**2 + 3*k + 3. Let d be r(3). Let z(h) = 2*h - 7*h + 4 + 11*h**2 - h**d - h - 5*h**2. Determine z(5).
-1
Let m be ((-2)/3)/2*-9. Suppose -m = y - 5. Let c(l) = 2*l + 2*l - 3*l - 6*l. Calculate c(y).
-10
Suppose -5*m - 21 = 4*p, m + p + 4 = -1. Let n(b) = -8*b**3 - b**2 + 1. What is n(m)?
8
Let p = 63 + -73. Let k(b) = -b**2 - 5*b + 11. Calculate k(p).
-39
Let n(l) = 2*l**2 - 22*l - 5. Suppose -4*v - 5 + 49 = 0. Give n(v).
-5
Let x = 39 - 79. Let v = x - -35. Let b(p) = p - 3. Let j(l) = -l + 4. Let u(h) = 7*b(h) + 6*j(h). Determine u(v).
-2
Let c(z) = z - 5. Let h be c(7). Let v(x) = -4*x - 5*x**2 + 2*x**2 + 4*x**h. Suppose 28*i = 30*i - 4. Calculate v(i).
-4
Let z(d) = d + 5. Let c(o) = 6*o**2 - 2*o. Let u be c(1). Give z(u).
9
Let u(r) = -32*r + 2. Let f(k) = 15*k - 1. Let s(l) = -7*f(l) - 3*u(l). What is s(3)?
-26
Let n(v) be the first derivative of -15 + 1/2*v**2 - 4*v. Determine n(-3).
-7
Let b(j) = -6*j**2 - 7*j - 10. Let v(t) = 5*t**2 + 6*t + 10. Let q(y) = 6*b(y) + 7*v(y). Give q(7).
-39
Let h(d) = -1568 + 1572 + 2*d - 3*d. Determine h(6).
-2
Suppose 2 = 2*v - 0*v. Let a(n) = -6*n**3 + 26*n**2 + 10*n + 7. Let u(h) = -6*h**3 + 30*h**2 + 12*h + 8. Let k(d) = -7*a(d) + 6*u(d). Calculate k(v).
5
Let q be 2*-2 - (-77 - -80). Let s(c) = -c**3 - 8*c**2 - 3*c + 8. What is s(q)?
-20
Suppose 2 = -2*u + 3*r, 4*r - 22 = 3*u - 18. Let j(c) be the first derivative of -5*c + 5/2*c**2 + 1/3*c**3 - 1. Determine j(u).
-9
Let r(b) = 3*b**2 + 26*b + 19. Let l be r(-8). Suppose -3 = -2*z + 1. Let v be 0/(0 + (z - l)). Let f(d) = -d**2 - d - 3. Calculate f(v).
-3
Suppose -5 = 24*c + 19. Let g(t) = -2*t**2 - t - 1. Determine g(c).
-2
Suppose -2*d = 5*z - 34, 3*d + 3 = -4*z + 26. Let t(h) = 0 + h**3 - 7 - 4 - 8*h**2. Determine t(z).
-11
Let y(b) = -b - 5. Let n = 24 + -28. Give y(n).
-1
Suppose -4*f + 20 